). Calculate the remainder when t/(-4) + b/(-34) is divided by 19.
18
Let l = 501 + -482. Calculate the remainder when 4/((-12)/(-105)) + 1 is divided by l.
17
Let u(a) = 4*a + 34. Calculate the remainder when 176 is divided by u(17).
74
Suppose 2*m - 189 = -k, -2*k - 27 = m - 414. Calculate the remainder when k is divided by 62.
9
Suppose -5*y - 2*y = -56. Suppose -7*v - 17 = -y*v. What is the remainder when 42 is divided by v?
8
Let j = 783 + -741. Let g(d) = 17*d**2 - 2*d + 1. What is the remainder when j is divided by g(1)?
10
Let a(o) = 93*o**2 + 33*o - 67. What is the remainder when a(2) is divided by 15?
11
Suppose -14*u + 84 = -154. Calculate the remainder when 30 is divided by u.
13
Suppose 0 = 2*g - 7 + 3. Suppose -g*b + 30 = b - 5*p, 4*p = -b - 7. What is the remainder when 17 is divided by b?
2
Suppose 0*n = 4*n. Let u(p) = p**3 + 3*p**2 - 5*p + 3. Let c be u(-4). Suppose n = -c*k + 203 - 42. Calculate the remainder when 68 is divided by k.
22
Suppose 0 = t - m - 361, 3*m + 1056 = 4*t - 393. What is the remainder when t is divided by 31?
25
Let i(w) be the first derivative of 4*w**3/3 - 9*w**2/2 + w + 14. What is the remainder when 144 is divided by i(4)?
28
Suppose -7*u + 421 - 78 = 0. Calculate the remainder when 108 is divided by u.
10
Suppose -9*k = -2*k + 84. Let s = 7 - 8. What is the remainder when (-51)/s + k/(-3) is divided by 14?
13
Suppose 0 = 4*o - 5*o - 1. Let u = 4 - o. What is the remainder when 8 is divided by u?
3
Let i = -1071 - -1545. What is the remainder when i is divided by 28?
26
Let o = 3 + 11. Suppose 5*s - 4*d - 21 = 0, 6*s - d = 2*s + 8. Let n = s - -24. What is the remainder when n is divided by o?
11
Suppose -a = -0*a - 5. Suppose -66 = -a*b + 39. Calculate the remainder when 59 is divided by b.
17
Let j be 3/(-3) - -4 - -4. Let z be 0 - j/((-21)/12). What is the remainder when 15 is divided by (-20)/(-16)*z + 3?
7
Let m(x) = -x**2 + 15*x + 14. Let a = -7 - -18. Let h be m(a). Suppose 17*t + h = 19*t. What is the remainder when t is divided by 11?
7
Let o be (10/6)/(4/(-1 + 337)). Suppose -o = -12*w + 10*w. What is the remainder when w is divided by 18?
16
Let p(h) = -3 + 8*h + 1 - 2*h**2 - 2*h**2 - 5*h**2 - h**3. Calculate the remainder when 70 is divided by p(-10).
16
Let r be (0 + -1)*(11 - 4). Let m(i) = -i - 4. Let u be m(r). Suppose u*g - 82 = g. Calculate the remainder when g is divided by 22.
19
Let v(q) = -10*q + 60. Let w be v(7). Calculate the remainder when 2 - (-9)/(18/(-4)) - w is divided by 6.
4
Let p = -350 + 366. Let v = 4 + 2. What is the remainder when p is divided by v?
4
Let n = -10 + -27. Let u = n + 68. Calculate the remainder when u is divided by ((-3)/1)/((-3)/8).
7
What is the remainder when 0 - 0 - (-1456)/8 is divided by 21?
14
Suppose -g + 9*t + 4 = 4*t, 38 = 3*g - 2*t. What is the remainder when 65 is divided by g?
9
Suppose -3*x + 101 + 29 = 2*g, 2*x - 4 = 0. Calculate the remainder when 492 is divided by g.
58
Let n(f) = 6 + f**2 + 3*f - 15 - 5*f. Let h be 80/(-14) - 2/7. Calculate the remainder when n(h) is divided by 10.
9
Let p be 4 + 80/(-24) + 1/3. Let k(y) = 70*y**2 - 2*y + 1. What is the remainder when k(p) is divided by 10?
9
Suppose -3*n + 240 = 3*n. Suppose -17 - 25 = -j + 3*a, -5*a = 2*j - n. What is the remainder when 89 is divided by j?
29
Let q(h) = -h**3 + 19*h**2 + 19*h + 42. Suppose -300 - 265 = -5*d. Let l = d - 50. What is the remainder when l is divided by q(20)?
19
Suppose f + 4*s + 7 = -4, -3*f = s. Let g(r) = r. Let q be g(f). Suppose 4*k - 29 = -5*l, -3*l - 43 = -3*k - q. What is the remainder when 42 is divided by k?
9
Let a = -16 - -16. Let v = -12 - a. Let l = v + 21. Calculate the remainder when 24 is divided by l.
6
Let t = 1 + 58. Let w = t + -21. Calculate the remainder when w is divided by ((-4)/(-12))/((-2)/(-60)).
8
Let c = -78 + 134. Let v = -13 + 17. Suppose -v*j = -2*j - c. Calculate the remainder when 53 is divided by j.
25
Let b be -1 + (-3)/(2 - 3). What is the remainder when 28 is divided by 6/b - (-25)/5?
4
Let w be -4*1 + ((-872)/(-8) - -6). Suppose 5*m - 175 = 3*b, 2*b + w = 3*m - b. Suppose 0 = 2*c - 120 - 4. What is the remainder when c is divided by m?
30
Let u = 189 - 149. Calculate the remainder when u is divided by 7.
5
Let h(n) = n + 15. Let q(k) = -2*k**2 - 2*k. Let c be q(-1). What is the remainder when 43 is divided by h(c)?
13
Let j(k) be the first derivative of 13/2*k**2 - 1/4*k**4 - 14/3*k**3 - 20*k + 7. Calculate the remainder when j(-15) is divided by 6.
4
Suppose -z - 102 = z. Let l = z + 72. Calculate the remainder when 80 is divided by l.
17
Let w(x) = -23*x + 54. Calculate the remainder when w(-11) is divided by 44.
43
Suppose -5*b + 7 = -8. Suppose -b*m + 7*m = 492. What is the remainder when m is divided by 31?
30
Suppose 7*n - 213 = 347. Let j = n - 47. Calculate the remainder when j is divided by 18.
15
Let i = -170 - -1625. What is the remainder when i is divided by 26?
25
Let b = -330 - -349. What is the remainder when 36 is divided by b?
17
Let m(h) = -h**3 + 10*h**2 - 9*h + 3. Let r be m(9). Suppose -15 = -3*w - r. Suppose -w*b + 10*b = 102. What is the remainder when b is divided by 10?
7
Suppose 37 = 18*n - 35. Suppose -5*j - v - 39 = -6*j, n = -2*v. Calculate the remainder when 104 is divided by j.
30
Let r = -690 - -693. What is the remainder when 193 is divided by r?
1
Let l = -10 - -4. Let i(w) = 3*w + 26. What is the remainder when i(l) is divided by 5?
3
What is the remainder when ((-20)/(-4))/(-1) - -138 is divided by 67?
66
Suppose -5*a + 3*p = -320, -324 - 21 = -5*a - 2*p. Calculate the remainder when 200 is divided by a.
66
Suppose -3*d = -2*d - 2*j - 164, -4*d - j = -665. Calculate the remainder when d is divided by 166.
0
Suppose 5*y = 94 - 34. Suppose -3*j - g = -109, -747*j + 742*j = -2*g - 167. What is the remainder when j is divided by y?
11
Suppose -2*g - 5*n + 21 = 0, -30 + 9 = -5*g - 2*n. Calculate the remainder when 4/(-2)*(-272)/(g - -1) is divided by 23.
21
Let u = 243 - 161. What is the remainder when 404 is divided by u?
76
Let i(s) = 2*s**2 + 3*s - 9. Suppose r = -2*y + 10, y - 4*r = -4*y + 51. Let h be i(y). Let z = h + -52. Calculate the remainder when z is divided by 20.
18
Let i = -6 + 8. Suppose 18 = i*g - 4*z + z, 4*g + 3*z = 54. Calculate the remainder when g is divided by 7.
5
Let m be -2*47/(-2) + -16 + 17. Suppose -7*j = z - 5*j - m, 5*z + 2*j - 272 = 0. What is the remainder when z is divided by 19?
18
Let w = -10 + 13. Suppose -w*f + 4*s = -100, 0*f = -3*f + 3*s + 96. Calculate the remainder when 138 is divided by f.
26
Let b be -48 + (1*-8)/2. Let q = b + 91. Let j = q - 17. Calculate the remainder when 63 is divided by j.
19
Let o(m) = -5*m + 14. Let a be o(-8). Let s = 64 - a. What is the remainder when 26 is divided by s?
6
Suppose 3*z + 0*q = -4*q + 61, -2*z = q - 34. What is the remainder when 73 is divided by z?
13
Suppose 28*x - 646 = 2378. Calculate the remainder when x is divided by 59.
49
Let b(m) = 5*m + 3. Let g be (6/8)/(1/76). Suppose 10*o - g - 3 = 0. What is the remainder when b(4) is divided by o?
5
Suppose 2*g + 17 = 13. Calculate the remainder when 1 - (g - -188)/(-3) is divided by 32.
31
Let q = -172 - -198. Calculate the remainder when 32 is divided by q.
6
Let p be 8/5*(-45)/(-18). Calculate the remainder when (-72)/(-3) + -1 + p is divided by 7.
6
Let o(f) = 2*f + 15. Let i be o(-9). What is the remainder when 45 is divided by 1/(-3) + (-79)/i?
19
Let t(m) = -m + 14. Let k be t(11). Suppose s = -2*s - 3*x + 9, 4*x - 18 = 2*s. What is the remainder when 15 is divided by k + s + -5 + 11?
7
Let s = -16 - -20. Suppose l + 21 = s*l. Suppose -l*d + 2*d + y + 73 = 0, -3*y + 36 = 2*d. What is the remainder when 42 is divided by d?
12
Suppose 5*t - 298 = -3*l, t + 2*l - 20 - 41 = 0. Let z = -22 + 32. Calculate the remainder when t is divided by z.
9
What is the remainder when 400 - 7/((-42)/(-48)) is divided by 44?
40
Let k(r) = -52*r + 211. Calculate the remainder when 277 is divided by k(4).
1
Suppose 2*m = -m + 33. Calculate the remainder when 42 is divided by m.
9
Suppose 2*j - 15 = 5*j. Let u = 4 - j. Suppose -m = 3*q + 4 - 3, 0 = -3*q - u. What is the remainder when 22 is divided by m?
6
Let m(s) = 55*s + 327. What is the remainder when m